 the prime factors of 2049168918.
2, 3, 341528153
List the prime factors of 952131508.
2, 37, 1021, 6301
List the prime factors of 151504915.
5, 30300983
What are the prime factors of 2225264?
2, 139079
List the prime factors of 71765074.
2, 53, 677029
What are the prime factors of 291460354?
2, 59, 2470003
What are the prime factors of 351330747?
3, 727, 161087
List the prime factors of 1074140951.
13, 233, 354619
What are the prime factors of 4402736663?
13, 3607, 93893
List the prime factors of 2929102516.
2, 17, 67, 73, 8807
List the prime factors of 73958562.
2, 3, 241, 5683
List the prime factors of 154631985.
3, 5, 10308799
List the prime factors of 2432616024.
2, 3, 257, 394393
What are the prime factors of 133040859?
3, 7, 41, 191, 809
List the prime factors of 784815420.
2, 3, 5, 13080257
What are the prime factors of 380990953?
7, 2381, 22859
What are the prime factors of 990521775?
3, 5, 19, 231701
List the prime factors of 458409420.
2, 3, 5, 7, 17, 21401
What are the prime factors of 62934535?
5, 151, 83357
What are the prime factors of 1461440216?
2, 182680027
List the prime factors of 691684945.
5, 7, 29, 151, 4513
List the prime factors of 2561800774.
2, 13, 61, 1069, 1511
List the prime factors of 15008614.
2, 7504307
List the prime factors of 1065681190.
2, 5, 7, 15224017
List the prime factors of 76219793.
13, 31, 6101
List the prime factors of 4630261461.
3, 7, 220488641
What are the prime factors of 37195495?
5, 7439099
What are the prime factors of 7545011315?
5, 17, 71, 239, 5231
What are the prime factors of 38753170?
2, 5, 3875317
List the prime factors of 77075187.
3, 7, 74903
List the prime factors of 59845557.
3, 19948519
List the prime factors of 7689889039.
7, 156936511
What are the prime factors of 538782023?
13, 2297, 18043
What are the prime factors of 56168051?
17, 3304003
List the prime factors of 12825047.
29, 442243
List the prime factors of 283336759.
19, 14912461
What are the prime factors of 61776894?
2, 3, 47, 59, 79
List the prime factors of 403931725.
5, 16157269
What are the prime factors of 32768109?
3, 11, 89, 3719
What are the prime factors of 340234544?
2, 13, 103, 15881
List the prime factors of 23396147.
23396147
List the prime factors of 964805439.
3, 13, 71, 348431
List the prime factors of 48646715.
5, 13, 71, 83, 127
List the prime factors of 151740506.
2, 75870253
What are the prime factors of 997900868?
2, 211, 1182347
What are the prime factors of 378601538?
2, 7, 37, 193, 541
What are the prime factors of 110345462?
2, 61, 79, 107
List the prime factors of 23350574.
2, 13, 89, 10091
List the prime factors of 6059501194.
2, 41479, 73043
List the prime factors of 91156502.
2, 53, 809, 1063
What are the prime factors of 1636752316?
2, 17, 24069887
List the prime factors of 26449170.
2, 3, 5, 11, 80149
List the prime factors of 868753122.
2, 3, 144792187
List the prime factors of 32297978.
2, 263, 61403
List the prime factors of 1410137187.
3, 470045729
What are the prime factors of 183256527?
3, 181, 337489
List the prime factors of 149383592.
2, 18672949
What are the prime factors of 304508862?
2, 3, 7, 17, 47387
What are the prime factors of 654772402?
2, 327386201
What are the prime factors of 3635010445?
5, 11, 66091099
What are the prime factors of 43828410?
2, 3, 5, 79, 18493
List the prime factors of 153772279.
153772279
List the prime factors of 1246694303.
17, 73334959
What are the prime factors of 24869003?
23, 89, 12149
What are the prime factors of 265772601?
3, 89, 331801
What are the prime factors of 169863336?
2, 3, 2359213
What are the prime factors of 162498473?
23, 193, 36607
List the prime factors of 3009767620.
2, 5, 150488381
List the prime factors of 6689048618.
2, 7, 477789187
What are the prime factors of 151353989?
151353989
What are the prime factors of 47938621?
59, 812519
What are the prime factors of 2304528403?
2304528403
List the prime factors of 1661860128.
2, 3, 17311043
List the prime factors of 966434713.
89, 10858817
What are the prime factors of 97571369?
7, 1609, 8663
List the prime factors of 4399831.
23, 191297
List the prime factors of 7332618033.
3, 13, 61, 1027409
List the prime factors of 13451219.
13451219
List the prime factors of 166299186.
2, 3, 107, 259033
What are the prime factors of 153383712?
2, 3, 1597747
What are the prime factors of 24166359?
3, 7, 54799
List the prime factors of 54225970.
2, 5, 137, 39581
List the prime factors of 2291061994.
2, 13, 2683, 32843
List the prime factors of 3552207725.
5, 11, 12917119
What are the prime factors of 3775544951?
347, 1297, 8389
What are the prime factors of 10680225?
3, 5, 142403
What are the prime factors of 3443134814?
2, 7, 17, 743, 19471
List the prime factors of 9552724.
2, 2388181
What are the prime factors of 268439021?
268439021
List the prime factors of 2964537717.
3, 37, 541, 49367
What are the prime factors of 34521688?
2, 47, 91813
List the prime factors of 1511985071.
1511985071
What are the prime factors of 74245156?
2, 53, 350213
What are the prime factors of 87046757?
7, 773, 16087
List the prime factors of 1231849415.
5, 246369883
What are the prime factors of 21729884?
2, 11, 31, 89, 179
List the prime factors of 164356112.
2, 10272257
List the prime factors of 82233559.
7309, 11251
List the prime factors of 561204930.
2, 3, 5, 11, 13, 130817
What are the prime factors of 3917718417?
3, 47, 27785237
What are the prime factors of 47168202?
2, 3, 7861367
List the prime factors of 1246940015.
5, 43, 67, 107, 809
What are the prime factors of 7826015?
5, 1565203
What are the prime factors of 612110268?
2, 3, 7, 11, 461, 479
What are the prime factors of 83029501?
31, 907, 2953
List the prime factors of 1610885633.
7, 32875217
What are the prime factors of 1074117961?
7, 179, 241, 3557
What are the prime factors of 1328135287?
1328135287
List the prime factors of 440150855.
5, 7621, 11551
List the prime factors of 310176247.
4507, 68821
What are the prime factors of 1169276172?
2, 3, 29, 3359989
What are the prime factors of 130881175?
5, 59, 89, 997
List the prime factors of 3846595404.
2, 3, 320549617
What are the prime factors of 114909960?
2, 3, 5, 11, 263, 331
List the prime factors of 356149379.
356149379
List the prime factors of 219919035.
3, 5, 7, 29, 72223
What are the prime factors of 1322655359?
16901, 78259
What are the prime factors of 69688344?
2, 3, 11, 23, 499
List the prime factors of 111198073.
7, 3767, 4217
What are the prime factors of 601246818?
2, 3, 23, 37, 39251
What are the prime factors of 51266890?
2, 5, 5126689
What are the prime factors of 13144276?
2, 19, 97, 1783
What are the prime factors of 101214790?
2, 5, 10121479
List the prime factors of 1229030803.
7, 11, 13, 71, 17293
What are the prime factors of 44233754?
2, 599, 36923
What are the prime factors of 153108849?
3, 37, 1379359
List the prime factors of 6291347.
29, 59, 3677
List the prime factors of 420865304.
2, 52608163
List the prime factors of 1593089683.
29, 54934127
List the prime factors of 108535063.
7, 13, 421, 2833
What are the prime factors of 37634143?
37, 1017139
What are the prime factors of 512806996?
2, 13, 59, 2833
What are the prime factors of 2288297922?
2, 3, 23, 31, 157, 3407
List the prime factors of 934677766.
2, 11, 42485353
What are the prime factors of 20112016?
2, 37, 53, 641
What are the prime factors of 133885216?
2, 4183913
List the prime factors of 16515764.
2, 37, 111593
What are the prime factors of 3871875854?
2, 7, 11, 2285641
List the prime factors of 58532741.
67, 383, 2281
List the prime factors of 205831053.
3, 17, 1345301
List the prime factors of 112366640.
2, 5, 1404583
List the prime factors of 6415439.
6415439
List the prime factors of 249137934.
2, 3, 1153, 36013
List the prime factors of 177643507.
569, 312203
What are the prime factors of 668140276?
2, 1499, 111431
List the prime factors of 1179929011.
241, 797, 6143
What are the prime factors of 126547582?
2, 7, 1453, 6221
List the prime factors of 96718626.
2, 3, 19, 389, 727
List the prime factors of 641022096.
2, 3, 11, 13, 47, 1987
What are the prime factors of 1453224978?
2, 3, 5807, 13903
List the prime factors of 206268523.
2243, 91961
What are the prime factors of 3808053353?
13